{"id":606,"date":"2024-07-23T08:15:10","date_gmt":"2024-07-23T08:15:10","guid":{"rendered":"https:\/\/anybagua.com\/finalizar-compra\/"},"modified":"2024-07-23T08:15:10","modified_gmt":"2024-07-23T08:15:10","slug":"finalizar-compra","status":"publish","type":"page","link":"https:\/\/anybagua.com\/?page_id=606","title":{"rendered":"Finalizar compra"},"content":{"rendered":"<div class=\"woocommerce\"><div class=\"woocommerce-notices-wrapper\"><\/div><\/div>\n","protected":false},"excerpt":{"rendered":"","protected":false},"author":1,"featured_media":0,"parent":0,"menu_order":0,"comment_status":"closed","ping_status":"closed","template":"","meta":{"site-sidebar-layout":"default","site-content-layout":"","ast-site-content-layout":"","site-content-style":"default","site-sidebar-style":"default","ast-global-header-display":"","ast-banner-title-visibility":"","ast-main-header-display":"","ast-hfb-above-header-display":"","ast-hfb-below-header-display":"","ast-hfb-mobile-header-display":"","site-post-title":"","ast-breadcrumbs-content":"","ast-featured-img":"","footer-sml-layout":"","theme-transparent-header-meta":"","adv-header-id-meta":"","stick-header-meta":"","header-above-stick-meta":"","header-main-stick-meta":"","header-below-stick-meta":"","astra-migrate-meta-layouts":"default","ast-page-background-enabled":"default","ast-page-background-meta":{"desktop":{"background-color":"var(--ast-global-color-4)","background-image":"","background-repeat":"repeat","background-position":"center center","background-size":"auto","background-attachment":"scroll","background-type":"","background-media":"","overlay-type":"","overlay-color":"","overlay-opacity":"","overlay-gradient":""},"tablet":{"background-color":"","background-image":"","background-repeat":"repeat","background-position":"center center","background-size":"auto","background-attachment":"scroll","background-type":"","background-media":"","overlay-type":"","overlay-color":"","overlay-opacity":"","overlay-gradient":""},"mobile":{"background-color":"","background-image":"","background-repeat":"repeat","background-position":"center center","background-size":"auto","background-attachment":"scroll","background-type":"","background-media":"","overlay-type":"","overlay-color":"","overlay-opacity":"","overlay-gradient":""}},"ast-content-background-meta":{"desktop":{"background-color":"var(--ast-global-color-5)","background-image":"","background-repeat":"repeat","background-position":"center center","background-size":"auto","background-attachment":"scroll","background-type":"","background-media":"","overlay-type":"","overlay-color":"","overlay-opacity":"","overlay-gradient":""},"tablet":{"background-color":"var(--ast-global-color-5)","background-image":"","background-repeat":"repeat","background-position":"center center","background-size":"auto","background-attachment":"scroll","background-type":"","background-media":"","overlay-type":"","overlay-color":"","overlay-opacity":"","overlay-gradient":""},"mobile":{"background-color":"var(--ast-global-color-5)","background-image":"","background-repeat":"repeat","background-position":"center center","background-size":"auto","background-attachment":"scroll","background-type":"","background-media":"","overlay-type":"","overlay-color":"","overlay-opacity":"","overlay-gradient":""}},"footnotes":""},"class_list":["post-606","page","type-page","status-publish","hentry"],"yoast_head":"<!-- This site is optimized with the Yoast SEO plugin v27.5 - https:\/\/yoast.com\/product\/yoast-seo-wordpress\/ -->\n<title>Finalizar compra - Any Bagua<\/title>\n<meta name=\"robots\" content=\"index, follow, max-snippet:-1, max-image-preview:large, max-video-preview:-1\" \/>\n<link rel=\"canonical\" href=\"https:\/\/anybagua.com\/?page_id=606\" \/>\n<meta property=\"og:locale\" content=\"es_ES\" \/>\n<meta property=\"og:type\" content=\"article\" \/>\n<meta property=\"og:title\" content=\"Finalizar compra - Any Bagua\" \/>\n<meta property=\"og:url\" content=\"https:\/\/anybagua.com\/?page_id=606\" \/>\n<meta property=\"og:site_name\" content=\"Any Bagua\" \/>\n<meta name=\"twitter:card\" content=\"summary_large_image\" \/>\n<script type=\"application\/ld+json\" class=\"yoast-schema-graph\">{\"@context\":\"https:\\\/\\\/schema.org\",\"@graph\":[{\"@type\":\"WebPage\",\"@id\":\"https:\\\/\\\/anybagua.com\\\/?page_id=606\",\"url\":\"https:\\\/\\\/anybagua.com\\\/?page_id=606\",\"name\":\"Finalizar compra - Any Bagua\",\"isPartOf\":{\"@id\":\"https:\\\/\\\/anybagua.com\\\/#website\"},\"datePublished\":\"2024-07-23T08:15:10+00:00\",\"breadcrumb\":{\"@id\":\"https:\\\/\\\/anybagua.com\\\/?page_id=606#breadcrumb\"},\"inLanguage\":\"es\",\"potentialAction\":[{\"@type\":\"ReadAction\",\"target\":[\"https:\\\/\\\/anybagua.com\\\/?page_id=606\"]}]},{\"@type\":\"BreadcrumbList\",\"@id\":\"https:\\\/\\\/anybagua.com\\\/?page_id=606#breadcrumb\",\"itemListElement\":[{\"@type\":\"ListItem\",\"position\":1,\"name\":\"Portada\",\"item\":\"https:\\\/\\\/anybagua.com\\\/\"},{\"@type\":\"ListItem\",\"position\":2,\"name\":\"Finalizar compra\"}]},{\"@type\":\"WebSite\",\"@id\":\"https:\\\/\\\/anybagua.com\\\/#website\",\"url\":\"https:\\\/\\\/anybagua.com\\\/\",\"name\":\"Any Bagua\",\"description\":\"Con talleres en Soria y Tera, la obra de Any Bagua es una fusi\u00f3n de tradici\u00f3n y modernidad, capturando la esencia de su tierra natal a trav\u00e9s de cada pincelada. Descubre su arte y sum\u00e9rgete en un mundo donde la historia y la naturaleza cobran vida.\",\"publisher\":{\"@id\":\"https:\\\/\\\/anybagua.com\\\/#organization\"},\"potentialAction\":[{\"@type\":\"SearchAction\",\"target\":{\"@type\":\"EntryPoint\",\"urlTemplate\":\"https:\\\/\\\/anybagua.com\\\/?s={search_term_string}\"},\"query-input\":{\"@type\":\"PropertyValueSpecification\",\"valueRequired\":true,\"valueName\":\"search_term_string\"}}],\"inLanguage\":\"es\"},{\"@type\":\"Organization\",\"@id\":\"https:\\\/\\\/anybagua.com\\\/#organization\",\"name\":\"Any Bagua\",\"url\":\"https:\\\/\\\/anybagua.com\\\/\",\"logo\":{\"@type\":\"ImageObject\",\"inLanguage\":\"es\",\"@id\":\"https:\\\/\\\/anybagua.com\\\/#\\\/schema\\\/logo\\\/image\\\/\",\"url\":\"\",\"contentUrl\":\"\",\"caption\":\"Any Bagua\"},\"image\":{\"@id\":\"https:\\\/\\\/anybagua.com\\\/#\\\/schema\\\/logo\\\/image\\\/\"}}]}<\/script>\n<!-- \/ Yoast SEO plugin. -->","yoast_head_json":{"title":"Finalizar compra - Any Bagua","robots":{"index":"index","follow":"follow","max-snippet":"max-snippet:-1","max-image-preview":"max-image-preview:large","max-video-preview":"max-video-preview:-1"},"canonical":"https:\/\/anybagua.com\/?page_id=606","og_locale":"es_ES","og_type":"article","og_title":"Finalizar compra - Any Bagua","og_url":"https:\/\/anybagua.com\/?page_id=606","og_site_name":"Any Bagua","twitter_card":"summary_large_image","schema":{"@context":"https:\/\/schema.org","@graph":[{"@type":"WebPage","@id":"https:\/\/anybagua.com\/?page_id=606","url":"https:\/\/anybagua.com\/?page_id=606","name":"Finalizar compra - Any Bagua","isPartOf":{"@id":"https:\/\/anybagua.com\/#website"},"datePublished":"2024-07-23T08:15:10+00:00","breadcrumb":{"@id":"https:\/\/anybagua.com\/?page_id=606#breadcrumb"},"inLanguage":"es","potentialAction":[{"@type":"ReadAction","target":["https:\/\/anybagua.com\/?page_id=606"]}]},{"@type":"BreadcrumbList","@id":"https:\/\/anybagua.com\/?page_id=606#breadcrumb","itemListElement":[{"@type":"ListItem","position":1,"name":"Portada","item":"https:\/\/anybagua.com\/"},{"@type":"ListItem","position":2,"name":"Finalizar compra"}]},{"@type":"WebSite","@id":"https:\/\/anybagua.com\/#website","url":"https:\/\/anybagua.com\/","name":"Any Bagua","description":"Con talleres en Soria y Tera, la obra de Any Bagua es una fusi\u00f3n de tradici\u00f3n y modernidad, capturando la esencia de su tierra natal a trav\u00e9s de cada pincelada. Descubre su arte y sum\u00e9rgete en un mundo donde la historia y la naturaleza cobran vida.","publisher":{"@id":"https:\/\/anybagua.com\/#organization"},"potentialAction":[{"@type":"SearchAction","target":{"@type":"EntryPoint","urlTemplate":"https:\/\/anybagua.com\/?s={search_term_string}"},"query-input":{"@type":"PropertyValueSpecification","valueRequired":true,"valueName":"search_term_string"}}],"inLanguage":"es"},{"@type":"Organization","@id":"https:\/\/anybagua.com\/#organization","name":"Any Bagua","url":"https:\/\/anybagua.com\/","logo":{"@type":"ImageObject","inLanguage":"es","@id":"https:\/\/anybagua.com\/#\/schema\/logo\/image\/","url":"","contentUrl":"","caption":"Any Bagua"},"image":{"@id":"https:\/\/anybagua.com\/#\/schema\/logo\/image\/"}}]}},"_links":{"self":[{"href":"https:\/\/anybagua.com\/index.php?rest_route=\/wp\/v2\/pages\/606","targetHints":{"allow":["GET"]}}],"collection":[{"href":"https:\/\/anybagua.com\/index.php?rest_route=\/wp\/v2\/pages"}],"about":[{"href":"https:\/\/anybagua.com\/index.php?rest_route=\/wp\/v2\/types\/page"}],"author":[{"embeddable":true,"href":"https:\/\/anybagua.com\/index.php?rest_route=\/wp\/v2\/users\/1"}],"replies":[{"embeddable":true,"href":"https:\/\/anybagua.com\/index.php?rest_route=%2Fwp%2Fv2%2Fcomments&post=606"}],"version-history":[{"count":0,"href":"https:\/\/anybagua.com\/index.php?rest_route=\/wp\/v2\/pages\/606\/revisions"}],"wp:attachment":[{"href":"https:\/\/anybagua.com\/index.php?rest_route=%2Fwp%2Fv2%2Fmedia&parent=606"}],"curies":[{"name":"wp","href":"https:\/\/api.w.org\/{rel}","templated":true}]}}