{"id":306,"date":"2024-07-10T10:47:03","date_gmt":"2024-07-10T10:47:03","guid":{"rendered":"https:\/\/anybagua.com\/?page_id=306"},"modified":"2024-08-21T11:55:46","modified_gmt":"2024-08-21T11:55:46","slug":"arte-pictorico","status":"publish","type":"page","link":"https:\/\/anybagua.com\/?page_id=306","title":{"rendered":"Arte Pict\u00f3rico"},"content":{"rendered":"\t\t<div data-elementor-type=\"wp-page\" data-elementor-id=\"306\" class=\"elementor elementor-306\" data-elementor-post-type=\"page\">\n\t\t\t\t<div class=\"elementor-element elementor-element-a4a8316 e-flex e-con-boxed e-con e-parent\" data-id=\"a4a8316\" data-element_type=\"container\" data-e-type=\"container\" data-settings=\"{&quot;background_background&quot;:&quot;video&quot;,&quot;background_video_end&quot;:56}\">\n\t\t\t\t\t<div class=\"e-con-inner\">\n\t\t<div class=\"elementor-element elementor-element-ef5de2f e-con-full e-flex e-con e-child\" data-id=\"ef5de2f\" data-element_type=\"container\" data-e-type=\"container\">\n\t\t\t\t<div class=\"elementor-element elementor-element-13f143a elementor-widget elementor-widget-heading\" data-id=\"13f143a\" data-element_type=\"widget\" data-e-type=\"widget\" data-widget_type=\"heading.default\">\n\t\t\t\t<div class=\"elementor-widget-container\">\n\t\t\t\t\t<h4 class=\"elementor-heading-title elementor-size-default\">any bagua<\/h4>\t\t\t\t<\/div>\n\t\t\t\t<\/div>\n\t\t\t\t<div class=\"elementor-element elementor-element-3d1912b elementor-widget elementor-widget-heading\" data-id=\"3d1912b\" data-element_type=\"widget\" data-e-type=\"widget\" data-widget_type=\"heading.default\">\n\t\t\t\t<div class=\"elementor-widget-container\">\n\t\t\t\t\t<h1 class=\"elementor-heading-title elementor-size-default\">Arte Pict\u00f3rico<\/h1>\t\t\t\t<\/div>\n\t\t\t\t<\/div>\n\t\t\t\t<\/div>\n\t\t\t\t\t<\/div>\n\t\t\t\t<\/div>\n\t\t<div class=\"elementor-element elementor-element-e70028d e-flex e-con-boxed e-con e-parent\" data-id=\"e70028d\" data-element_type=\"container\" data-e-type=\"container\">\n\t\t\t\t\t<div class=\"e-con-inner\">\n\t\t<div class=\"elementor-element elementor-element-131cb57 e-con-full e-flex e-con e-child\" data-id=\"131cb57\" data-element_type=\"container\" data-e-type=\"container\">\n\t\t\t\t<div class=\"elementor-element elementor-element-aa563ec elementor-widget elementor-widget-heading\" data-id=\"aa563ec\" data-element_type=\"widget\" data-e-type=\"widget\" data-widget_type=\"heading.default\">\n\t\t\t\t<div class=\"elementor-widget-container\">\n\t\t\t\t\t<h4 class=\"elementor-heading-title elementor-size-default\">About me<\/h4>\t\t\t\t<\/div>\n\t\t\t\t<\/div>\n\t\t\t\t<div class=\"elementor-element elementor-element-2cbbca4 elementor-widget elementor-widget-text-editor\" data-id=\"2cbbca4\" data-element_type=\"widget\" data-e-type=\"widget\" data-widget_type=\"text-editor.default\">\n\t\t\t\t<div class=\"elementor-widget-container\">\n\t\t\t\t\t\t\t\t\t<p>Any Bagua nos invita a explorar su universo pict\u00f3rico, caracterizado por un estilo abstracto vibrante y lleno de simbolismo. Sus obras reflejan una profunda conexi\u00f3n con la naturaleza y una fascinaci\u00f3n por las formas y colores. A trav\u00e9s de t\u00e9cnicas audaces y una paleta de colores rica y variada, Ana transforma paisajes y elementos naturales en composiciones abstractas que invitan a la reflexi\u00f3n y la interpretaci\u00f3n personal.<\/p><p>Cada pintura es una exploraci\u00f3n de la luz, la textura y el movimiento, capturando la esencia de lugares y emociones de manera no convencional. Inspirada por la belleza de su entorno soriano, Ana combina la tradici\u00f3n con la innovaci\u00f3n, ofreciendo una nueva perspectiva sobre la naturaleza y su representaci\u00f3n art\u00edstica. Este espacio es un testimonio de su pasi\u00f3n por el arte y su constante b\u00fasqueda de nuevas formas de expresi\u00f3n.<\/p>\t\t\t\t\t\t\t\t<\/div>\n\t\t\t\t<\/div>\n\t\t\t\t<\/div>\n\t\t<div class=\"elementor-element elementor-element-517fb74 e-con-full e-flex e-con e-child\" data-id=\"517fb74\" data-element_type=\"container\" data-e-type=\"container\">\n\t\t\t\t<div class=\"elementor-element elementor-element-3ff0410 elementor-widget elementor-widget-image\" data-id=\"3ff0410\" data-element_type=\"widget\" data-e-type=\"widget\" data-widget_type=\"image.default\">\n\t\t\t\t<div class=\"elementor-widget-container\">\n\t\t\t\t\t\t\t\t\t\t\t\t\t\t\t<img decoding=\"async\" src=\"https:\/\/anybagua.com\/wp-content\/uploads\/elementor\/thumbs\/IMG_20240617_194036_web-qryki6yvy2v4wtwcv849a4sivbejz75d25wl9m659k.png\" title=\"IMG_20240617_194036_web\" alt=\"IMG_20240617_194036_web\" loading=\"lazy\" \/>\t\t\t\t\t\t\t\t\t\t\t\t\t\t\t<\/div>\n\t\t\t\t<\/div>\n\t\t\t\t<\/div>\n\t\t\t\t\t<\/div>\n\t\t\t\t<\/div>\n\t\t<div class=\"elementor-element elementor-element-5e12093 e-flex e-con-boxed e-con e-parent\" data-id=\"5e12093\" data-element_type=\"container\" data-e-type=\"container\">\n\t\t\t\t\t<div class=\"e-con-inner\">\n\t\t\t\t<div class=\"elementor-element elementor-element-3de9388 elementor-widget elementor-widget-heading\" data-id=\"3de9388\" data-element_type=\"widget\" data-e-type=\"widget\" data-widget_type=\"heading.default\">\n\t\t\t\t<div class=\"elementor-widget-container\">\n\t\t\t\t\t<h4 class=\"elementor-heading-title elementor-size-default\">ARTE PICT\u00d3RICO <\/h4>\t\t\t\t<\/div>\n\t\t\t\t<\/div>\n\t\t\t\t<div class=\"elementor-element elementor-element-304a938 elementor-widget elementor-widget-heading\" data-id=\"304a938\" data-element_type=\"widget\" data-e-type=\"widget\" data-widget_type=\"heading.default\">\n\t\t\t\t<div class=\"elementor-widget-container\">\n\t\t\t\t\t<h2 class=\"elementor-heading-title elementor-size-default\">Especialidades<\/h2>\t\t\t\t<\/div>\n\t\t\t\t<\/div>\n\t\t\t\t\t<\/div>\n\t\t\t\t<\/div>\n\t\t<div class=\"elementor-element elementor-element-899ce96 e-flex e-con-boxed e-con e-parent\" data-id=\"899ce96\" data-element_type=\"container\" data-e-type=\"container\">\n\t\t\t\t\t<div class=\"e-con-inner\">\n\t\t<div class=\"elementor-element elementor-element-d469748 e-con-full e-flex e-con e-child\" data-id=\"d469748\" data-element_type=\"container\" data-e-type=\"container\">\n\t\t\t\t<div class=\"elementor-element elementor-element-976b40e elementor-widget elementor-widget-heading\" data-id=\"976b40e\" data-element_type=\"widget\" data-e-type=\"widget\" data-widget_type=\"heading.default\">\n\t\t\t\t<div class=\"elementor-widget-container\">\n\t\t\t\t\t<h3 class=\"elementor-heading-title elementor-size-default\">Cuadros <\/h3>\t\t\t\t<\/div>\n\t\t\t\t<\/div>\n\t\t\t\t<div class=\"elementor-element elementor-element-1a738b7 elementor-widget elementor-widget-text-editor\" data-id=\"1a738b7\" data-element_type=\"widget\" data-e-type=\"widget\" data-widget_type=\"text-editor.default\">\n\t\t\t\t<div class=\"elementor-widget-container\">\n\t\t\t\t\t\t\t\t\t<p>Los cuadros abstractos de Any Bagua son una celebraci\u00f3n de la forma y el color, donde cada obra invita al espectador a explorar su propio paisaje interior. Con una mezcla de t\u00e9cnica y emoci\u00f3n, estos cuadros capturan la esencia de la naturaleza de una manera \u00fanica y evocadora.<\/p>\t\t\t\t\t\t\t\t<\/div>\n\t\t\t\t<\/div>\n\t\t\t\t<div class=\"elementor-element elementor-element-40bca79 elementor-align-left elementor-mobile-align-center elementor-widget elementor-widget-button\" data-id=\"40bca79\" data-element_type=\"widget\" data-e-type=\"widget\" data-widget_type=\"button.default\">\n\t\t\t\t<div class=\"elementor-widget-container\">\n\t\t\t\t\t\t\t\t\t<div class=\"elementor-button-wrapper\">\n\t\t\t\t\t<a class=\"elementor-button elementor-button-link elementor-size-md elementor-animation-float\" href=\"https:\/\/anybagua.com\/cuadros\/\">\n\t\t\t\t\t\t<span class=\"elementor-button-content-wrapper\">\n\t\t\t\t\t\t\t\t\t<span class=\"elementor-button-text\">saber m\u00e1s<\/span>\n\t\t\t\t\t<\/span>\n\t\t\t\t\t<\/a>\n\t\t\t\t<\/div>\n\t\t\t\t\t\t\t\t<\/div>\n\t\t\t\t<\/div>\n\t\t\t\t<\/div>\n\t\t<div class=\"elementor-element elementor-element-3026c94 e-con-full e-flex e-con e-child\" data-id=\"3026c94\" data-element_type=\"container\" data-e-type=\"container\">\n\t\t\t\t<div class=\"elementor-element elementor-element-f7575c7 elementor-widget elementor-widget-heading\" data-id=\"f7575c7\" data-element_type=\"widget\" data-e-type=\"widget\" data-widget_type=\"heading.default\">\n\t\t\t\t<div class=\"elementor-widget-container\">\n\t\t\t\t\t<h3 class=\"elementor-heading-title elementor-size-default\">L\u00e1minas<\/h3>\t\t\t\t<\/div>\n\t\t\t\t<\/div>\n\t\t\t\t<div class=\"elementor-element elementor-element-0b68a80 elementor-widget elementor-widget-text-editor\" data-id=\"0b68a80\" data-element_type=\"widget\" data-e-type=\"widget\" data-widget_type=\"text-editor.default\">\n\t\t\t\t<div class=\"elementor-widget-container\">\n\t\t\t\t\t\t\t\t\t<p>Las l\u00e1minas de Any Bagua ofrecen una expresi\u00f3n accesible de su arte abstracto, capturando la esencia de sus obras originales en formatos vers\u00e1tiles. Perfectas para decorar cualquier espacio, estas l\u00e1minas combinan vibrantes colores y formas fluidas, llevando la belleza de la naturaleza a tu hogar.<\/p>\t\t\t\t\t\t\t\t<\/div>\n\t\t\t\t<\/div>\n\t\t\t\t<div class=\"elementor-element elementor-element-477f877 elementor-align-left elementor-mobile-align-center elementor-widget elementor-widget-button\" data-id=\"477f877\" data-element_type=\"widget\" data-e-type=\"widget\" data-widget_type=\"button.default\">\n\t\t\t\t<div class=\"elementor-widget-container\">\n\t\t\t\t\t\t\t\t\t<div class=\"elementor-button-wrapper\">\n\t\t\t\t\t<a class=\"elementor-button elementor-button-link elementor-size-md elementor-animation-float\" href=\"https:\/\/anybagua.com\/laminas\/\">\n\t\t\t\t\t\t<span class=\"elementor-button-content-wrapper\">\n\t\t\t\t\t\t\t\t\t<span class=\"elementor-button-text\">saber m\u00e1s<\/span>\n\t\t\t\t\t<\/span>\n\t\t\t\t\t<\/a>\n\t\t\t\t<\/div>\n\t\t\t\t\t\t\t\t<\/div>\n\t\t\t\t<\/div>\n\t\t\t\t<\/div>\n\t\t\t\t\t<\/div>\n\t\t\t\t<\/div>\n\t\t\t\t<\/div>\n\t\t","protected":false},"excerpt":{"rendered":"<p>any bagua Arte Pict\u00f3rico About me Any Bagua nos invita a explorar su universo pict\u00f3rico, caracterizado por un estilo abstracto [&hellip;]<\/p>\n","protected":false},"author":2,"featured_media":0,"parent":0,"menu_order":0,"comment_status":"closed","ping_status":"closed","template":"","meta":{"site-sidebar-layout":"no-sidebar","site-content-layout":"","ast-site-content-layout":"full-width-container","site-content-style":"default","site-sidebar-style":"default","ast-global-header-display":"","ast-banner-title-visibility":"","ast-main-header-display":"","ast-hfb-above-header-display":"","ast-hfb-below-header-display":"","ast-hfb-mobile-header-display":"","site-post-title":"disabled","ast-breadcrumbs-content":"","ast-featured-img":"disabled","footer-sml-layout":"","theme-transparent-header-meta":"","adv-header-id-meta":"","stick-header-meta":"","header-above-stick-meta":"","header-main-stick-meta":"","header-below-stick-meta":"","astra-migrate-meta-layouts":"default","ast-page-background-enabled":"default","ast-page-background-meta":{"desktop":{"background-color":"var(--ast-global-color-4)","background-image":"","background-repeat":"repeat","background-position":"center center","background-size":"auto","background-attachment":"scroll","background-type":"","background-media":"","overlay-type":"","overlay-color":"","overlay-opacity":"","overlay-gradient":""},"tablet":{"background-color":"","background-image":"","background-repeat":"repeat","background-position":"center center","background-size":"auto","background-attachment":"scroll","background-type":"","background-media":"","overlay-type":"","overlay-color":"","overlay-opacity":"","overlay-gradient":""},"mobile":{"background-color":"","background-image":"","background-repeat":"repeat","background-position":"center center","background-size":"auto","background-attachment":"scroll","background-type":"","background-media":"","overlay-type":"","overlay-color":"","overlay-opacity":"","overlay-gradient":""}},"ast-content-background-meta":{"desktop":{"background-color":"var(--ast-global-color-5)","background-image":"","background-repeat":"repeat","background-position":"center center","background-size":"auto","background-attachment":"scroll","background-type":"","background-media":"","overlay-type":"","overlay-color":"","overlay-opacity":"","overlay-gradient":""},"tablet":{"background-color":"var(--ast-global-color-5)","background-image":"","background-repeat":"repeat","background-position":"center center","background-size":"auto","background-attachment":"scroll","background-type":"","background-media":"","overlay-type":"","overlay-color":"","overlay-opacity":"","overlay-gradient":""},"mobile":{"background-color":"var(--ast-global-color-5)","background-image":"","background-repeat":"repeat","background-position":"center center","background-size":"auto","background-attachment":"scroll","background-type":"","background-media":"","overlay-type":"","overlay-color":"","overlay-opacity":"","overlay-gradient":""}},"footnotes":""},"class_list":["post-306","page","type-page","status-publish","hentry"],"yoast_head":"<!-- This site is optimized with the Yoast SEO plugin v27.5 - https:\/\/yoast.com\/product\/yoast-seo-wordpress\/ -->\n<title>Arte Pict\u00f3rico - Any Bagua<\/title>\n<meta name=\"description\" content=\"Arte Pict\u00f3rico\" \/>\n<meta name=\"robots\" content=\"index, follow, max-snippet:-1, max-image-preview:large, max-video-preview:-1\" \/>\n<link rel=\"canonical\" href=\"https:\/\/anybagua.com\/?page_id=306\" \/>\n<meta property=\"og:locale\" content=\"es_ES\" \/>\n<meta property=\"og:type\" content=\"article\" \/>\n<meta property=\"og:title\" content=\"Arte Pict\u00f3rico - Any Bagua\" \/>\n<meta property=\"og:description\" content=\"Arte Pict\u00f3rico\" \/>\n<meta property=\"og:url\" content=\"https:\/\/anybagua.com\/?page_id=306\" \/>\n<meta property=\"og:site_name\" content=\"Any Bagua\" \/>\n<meta property=\"article:modified_time\" content=\"2024-08-21T11:55:46+00:00\" \/>\n<meta property=\"og:image\" content=\"https:\/\/anybagua.com\/wp-content\/uploads\/elementor\/thumbs\/IMG_20240617_194036_web-qryki6yvy2v4wtwcv849a4sivbejz75d25wl9m659k.png\" \/>\n<meta name=\"twitter:card\" content=\"summary_large_image\" \/>\n<meta name=\"twitter:label1\" content=\"Tiempo de lectura\" \/>\n\t<meta name=\"twitter:data1\" content=\"2 minutos\" \/>\n<script type=\"application\/ld+json\" class=\"yoast-schema-graph\">{\"@context\":\"https:\\\/\\\/schema.org\",\"@graph\":[{\"@type\":\"WebPage\",\"@id\":\"https:\\\/\\\/anybagua.com\\\/?page_id=306\",\"url\":\"https:\\\/\\\/anybagua.com\\\/?page_id=306\",\"name\":\"Arte Pict\u00f3rico - Any Bagua\",\"isPartOf\":{\"@id\":\"https:\\\/\\\/anybagua.com\\\/#website\"},\"primaryImageOfPage\":{\"@id\":\"https:\\\/\\\/anybagua.com\\\/?page_id=306#primaryimage\"},\"image\":{\"@id\":\"https:\\\/\\\/anybagua.com\\\/?page_id=306#primaryimage\"},\"thumbnailUrl\":\"https:\\\/\\\/anybagua.com\\\/wp-content\\\/uploads\\\/elementor\\\/thumbs\\\/IMG_20240617_194036_web-qryki6yvy2v4wtwcv849a4sivbejz75d25wl9m659k.png\",\"datePublished\":\"2024-07-10T10:47:03+00:00\",\"dateModified\":\"2024-08-21T11:55:46+00:00\",\"description\":\"Arte Pict\u00f3rico\",\"breadcrumb\":{\"@id\":\"https:\\\/\\\/anybagua.com\\\/?page_id=306#breadcrumb\"},\"inLanguage\":\"es\",\"potentialAction\":[{\"@type\":\"ReadAction\",\"target\":[\"https:\\\/\\\/anybagua.com\\\/?page_id=306\"]}]},{\"@type\":\"ImageObject\",\"inLanguage\":\"es\",\"@id\":\"https:\\\/\\\/anybagua.com\\\/?page_id=306#primaryimage\",\"url\":\"https:\\\/\\\/anybagua.com\\\/wp-content\\\/uploads\\\/elementor\\\/thumbs\\\/IMG_20240617_194036_web-qryki6yvy2v4wtwcv849a4sivbejz75d25wl9m659k.png\",\"contentUrl\":\"https:\\\/\\\/anybagua.com\\\/wp-content\\\/uploads\\\/elementor\\\/thumbs\\\/IMG_20240617_194036_web-qryki6yvy2v4wtwcv849a4sivbejz75d25wl9m659k.png\"},{\"@type\":\"BreadcrumbList\",\"@id\":\"https:\\\/\\\/anybagua.com\\\/?page_id=306#breadcrumb\",\"itemListElement\":[{\"@type\":\"ListItem\",\"position\":1,\"name\":\"Portada\",\"item\":\"https:\\\/\\\/anybagua.com\\\/\"},{\"@type\":\"ListItem\",\"position\":2,\"name\":\"Arte Pict\u00f3rico\"}]},{\"@type\":\"WebSite\",\"@id\":\"https:\\\/\\\/anybagua.com\\\/#website\",\"url\":\"https:\\\/\\\/anybagua.com\\\/\",\"name\":\"Any Bagua\",\"description\":\"Con talleres en Soria y Tera, la obra de Any Bagua es una fusi\u00f3n de tradici\u00f3n y modernidad, capturando la esencia de su tierra natal a trav\u00e9s de cada pincelada. Descubre su arte y sum\u00e9rgete en un mundo donde la historia y la naturaleza cobran vida.\",\"publisher\":{\"@id\":\"https:\\\/\\\/anybagua.com\\\/#organization\"},\"potentialAction\":[{\"@type\":\"SearchAction\",\"target\":{\"@type\":\"EntryPoint\",\"urlTemplate\":\"https:\\\/\\\/anybagua.com\\\/?s={search_term_string}\"},\"query-input\":{\"@type\":\"PropertyValueSpecification\",\"valueRequired\":true,\"valueName\":\"search_term_string\"}}],\"inLanguage\":\"es\"},{\"@type\":\"Organization\",\"@id\":\"https:\\\/\\\/anybagua.com\\\/#organization\",\"name\":\"Any Bagua\",\"url\":\"https:\\\/\\\/anybagua.com\\\/\",\"logo\":{\"@type\":\"ImageObject\",\"inLanguage\":\"es\",\"@id\":\"https:\\\/\\\/anybagua.com\\\/#\\\/schema\\\/logo\\\/image\\\/\",\"url\":\"\",\"contentUrl\":\"\",\"caption\":\"Any Bagua\"},\"image\":{\"@id\":\"https:\\\/\\\/anybagua.com\\\/#\\\/schema\\\/logo\\\/image\\\/\"}}]}<\/script>\n<!-- \/ Yoast SEO plugin. -->","yoast_head_json":{"title":"Arte Pict\u00f3rico - Any Bagua","description":"Arte Pict\u00f3rico","robots":{"index":"index","follow":"follow","max-snippet":"max-snippet:-1","max-image-preview":"max-image-preview:large","max-video-preview":"max-video-preview:-1"},"canonical":"https:\/\/anybagua.com\/?page_id=306","og_locale":"es_ES","og_type":"article","og_title":"Arte Pict\u00f3rico - Any Bagua","og_description":"Arte Pict\u00f3rico","og_url":"https:\/\/anybagua.com\/?page_id=306","og_site_name":"Any Bagua","article_modified_time":"2024-08-21T11:55:46+00:00","og_image":[{"url":"https:\/\/anybagua.com\/wp-content\/uploads\/elementor\/thumbs\/IMG_20240617_194036_web-qryki6yvy2v4wtwcv849a4sivbejz75d25wl9m659k.png","type":"","width":"","height":""}],"twitter_card":"summary_large_image","twitter_misc":{"Tiempo de lectura":"2 minutos"},"schema":{"@context":"https:\/\/schema.org","@graph":[{"@type":"WebPage","@id":"https:\/\/anybagua.com\/?page_id=306","url":"https:\/\/anybagua.com\/?page_id=306","name":"Arte Pict\u00f3rico - Any Bagua","isPartOf":{"@id":"https:\/\/anybagua.com\/#website"},"primaryImageOfPage":{"@id":"https:\/\/anybagua.com\/?page_id=306#primaryimage"},"image":{"@id":"https:\/\/anybagua.com\/?page_id=306#primaryimage"},"thumbnailUrl":"https:\/\/anybagua.com\/wp-content\/uploads\/elementor\/thumbs\/IMG_20240617_194036_web-qryki6yvy2v4wtwcv849a4sivbejz75d25wl9m659k.png","datePublished":"2024-07-10T10:47:03+00:00","dateModified":"2024-08-21T11:55:46+00:00","description":"Arte Pict\u00f3rico","breadcrumb":{"@id":"https:\/\/anybagua.com\/?page_id=306#breadcrumb"},"inLanguage":"es","potentialAction":[{"@type":"ReadAction","target":["https:\/\/anybagua.com\/?page_id=306"]}]},{"@type":"ImageObject","inLanguage":"es","@id":"https:\/\/anybagua.com\/?page_id=306#primaryimage","url":"https:\/\/anybagua.com\/wp-content\/uploads\/elementor\/thumbs\/IMG_20240617_194036_web-qryki6yvy2v4wtwcv849a4sivbejz75d25wl9m659k.png","contentUrl":"https:\/\/anybagua.com\/wp-content\/uploads\/elementor\/thumbs\/IMG_20240617_194036_web-qryki6yvy2v4wtwcv849a4sivbejz75d25wl9m659k.png"},{"@type":"BreadcrumbList","@id":"https:\/\/anybagua.com\/?page_id=306#breadcrumb","itemListElement":[{"@type":"ListItem","position":1,"name":"Portada","item":"https:\/\/anybagua.com\/"},{"@type":"ListItem","position":2,"name":"Arte Pict\u00f3rico"}]},{"@type":"WebSite","@id":"https:\/\/anybagua.com\/#website","url":"https:\/\/anybagua.com\/","name":"Any Bagua","description":"Con talleres en Soria y Tera, la obra de Any Bagua es una fusi\u00f3n de tradici\u00f3n y modernidad, capturando la esencia de su tierra natal a trav\u00e9s de cada pincelada. Descubre su arte y sum\u00e9rgete en un mundo donde la historia y la naturaleza cobran vida.","publisher":{"@id":"https:\/\/anybagua.com\/#organization"},"potentialAction":[{"@type":"SearchAction","target":{"@type":"EntryPoint","urlTemplate":"https:\/\/anybagua.com\/?s={search_term_string}"},"query-input":{"@type":"PropertyValueSpecification","valueRequired":true,"valueName":"search_term_string"}}],"inLanguage":"es"},{"@type":"Organization","@id":"https:\/\/anybagua.com\/#organization","name":"Any Bagua","url":"https:\/\/anybagua.com\/","logo":{"@type":"ImageObject","inLanguage":"es","@id":"https:\/\/anybagua.com\/#\/schema\/logo\/image\/","url":"","contentUrl":"","caption":"Any Bagua"},"image":{"@id":"https:\/\/anybagua.com\/#\/schema\/logo\/image\/"}}]}},"_links":{"self":[{"href":"https:\/\/anybagua.com\/index.php?rest_route=\/wp\/v2\/pages\/306","targetHints":{"allow":["GET"]}}],"collection":[{"href":"https:\/\/anybagua.com\/index.php?rest_route=\/wp\/v2\/pages"}],"about":[{"href":"https:\/\/anybagua.com\/index.php?rest_route=\/wp\/v2\/types\/page"}],"author":[{"embeddable":true,"href":"https:\/\/anybagua.com\/index.php?rest_route=\/wp\/v2\/users\/2"}],"replies":[{"embeddable":true,"href":"https:\/\/anybagua.com\/index.php?rest_route=%2Fwp%2Fv2%2Fcomments&post=306"}],"version-history":[{"count":55,"href":"https:\/\/anybagua.com\/index.php?rest_route=\/wp\/v2\/pages\/306\/revisions"}],"predecessor-version":[{"id":1462,"href":"https:\/\/anybagua.com\/index.php?rest_route=\/wp\/v2\/pages\/306\/revisions\/1462"}],"wp:attachment":[{"href":"https:\/\/anybagua.com\/index.php?rest_route=%2Fwp%2Fv2%2Fmedia&parent=306"}],"curies":[{"name":"wp","href":"https:\/\/api.w.org\/{rel}","templated":true}]}}